 y be (-2)/(-3) - 6/9. Suppose -3*o - 76 = 4*g, g + g - 5*o + 64 = y. Let u = g + 43. List the prime factors of u.
3, 7
Let w be (-15)/10 - 12/(-8). Suppose w = 5*h - 29 - 121. What are the prime factors of h?
2, 3, 5
Let z(x) = 15*x - 5. Let a be z(1). List the prime factors of ((-104)/a)/((-13)/130).
2, 13
Suppose -o - 366 + 30 = 0. Let n = o - -563. What are the prime factors of n?
227
Suppose 58*s = 57*s + 268. List the prime factors of s.
2, 67
Let k be 340/(-102)*(22/(-10) + 1). Suppose 4*c - 508 = -k*d, 4*d + 360 = -0*c + 3*c. What are the prime factors of c?
2, 31
Let o = 47 - -16. What are the prime factors of o?
3, 7
Let n = -222 - -267. Suppose 28 = -2*r + 4. Let d = r + n. List the prime factors of d.
3, 11
Let d(v) = -15*v - 4. Let q be d(-16). Suppose -20 = 5*c, -r = -4*c + c - q. List the prime factors of r.
2, 7
Suppose 0 = -3*m + s - 187, m = 4*m - 4*s + 190. Let t = 347 + m. What are the prime factors of t?
3, 5, 19
Let c = -83 - -80. List the prime factors of -1 + c - (-3 + -46).
3, 5
Let k(g) = g**3 + 30*g**2 - 74*g + 20. List the prime factors of k(-32).
2, 5, 17
Let i(t) = t**2 - 14*t - 10. Let n be i(15). Suppose 3*p - 5*z = 106, 4*p - n*z = 35 + 98. List the prime factors of p.
3
Suppose 3*s = -0*c + 5*c + 1259, 2*c = -5*s + 2088. What are the prime factors of s?
2, 11, 19
Let k(q) = -13*q - 8 + 48 + 0*q + 3*q. What are the prime factors of k(-12)?
2, 5
Let l be (-1183)/2 + 1/2. Let m be (-6 + (-114)/(-18))/(4/(-180)). List the prime factors of l/m + (-4)/10.
3, 13
Let i(k) be the second derivative of k**3/6 + 11*k**2 + 20*k. List the prime factors of i(6).
2, 7
Suppose 4*y - 6 = y. Suppose -4*t - 5 = -3*c - 8*t, c + t - y = 0. Suppose c*p = -2*k + 118, 4*k - 76 = -0*p - 2*p. List the prime factors of p.
2, 5
Let x(u) = u**3 - 5*u**2 - 16*u + 6. List the prime factors of x(14).
2, 773
Let w(f) = -f + 1 - 1. Let a be w(6). What are the prime factors of (-1 + 2)/(a/(-42))?
7
Suppose -2*a = 4*a + 4*a. Suppose a = 37*p - 40*p + 405. What are the prime factors of p?
3, 5
Let n(j) = j - 3. Let m be n(1). Let h be (-452)/16 + m/(-8). Let a = -14 - h. List the prime factors of a.
2, 7
Suppose h + 53 = -2*k - 57, -5*k - 4*h - 275 = 0. Let t be (k/(-44))/(1/4). Suppose -3 - 67 = -t*n. What are the prime factors of n?
2, 7
List the prime factors of ((-3368)/(-12))/((-14)/(-21)) + 3.
2, 53
Let w(u) = u**3 + 6*u**2 - 5*u - 2. Let m be -7 + 2 - (1 - 0). Let z(b) = b**3 + 7*b**2 + 7*b. Let i be z(m). List the prime factors of w(i).
2, 7
Let a(y) = 354*y - 722. What are the prime factors of a(5)?
2, 131
Let p = -176 - -288. Suppose -4*z + 3*x + 461 = 0, 4*x = z - 0*z - p. Let h = -69 + z. List the prime factors of h.
47
Suppose s - 1475 = 4*y, 13*s - 10*s = -3*y + 4425. List the prime factors of s.
5, 59
Suppose 0 = h + 3*l - 1958, -7806 = -h - 3*h + l. List the prime factors of h.
2, 61
Suppose 10 = 5*d, -v = -0*d - 4*d - 7. What are the prime factors of (-87)/v - -6 - (-1078)/10?
2, 3
Let o(z) = 2*z + 102. Let t be o(0). Let k = 205 - t. What are the prime factors of k?
103
Suppose -8*z - 39 = -21271. List the prime factors of z.
2, 1327
Suppose 2*v + 0*v = -110. Let n be (-3)/(3*1/v). Let m = n - -9. What are the prime factors of m?
2
Suppose 2*r = 0, 2*j - r = 3*j - 8. Suppose i + j*n - 25 = 3*n, -7 = -i + n. Suppose 5*w - 145 = i. What are the prime factors of w?
31
Let l(h) = -h**2 + h + 25. Let w be 0/(2/4*2). List the prime factors of l(w).
5
Let a be 43/(-1)*165/(-15). What are the prime factors of (-6)/(-15) - a/(-5)?
5, 19
Let p(i) = i**2 + i + 77. Suppose 0 = 2*k - 0*k + k. List the prime factors of p(k).
7, 11
Let z = 1358 + 1783. What are the prime factors of z?
3, 349
Let l(t) = t**3 + 3*t**2 + 4*t + 3. Suppose -d + 1 = 3. Let n be l(d). List the prime factors of 2 - (n - -5) - -30.
2, 7
Let w be -3 - 8/((-24)/9). Suppose -11*l + 8*l + 342 = w. What are the prime factors of l?
2, 3, 19
Suppose -69*i + 59*i + 24230 = 0. List the prime factors of i.
2423
Let t(s) = -s**3 + 6*s**2 + 4*s + 1. Let k be t(7). Let m be (225/k)/(6/16). What are the prime factors of m/(-195) + 1504/26?
2, 29
Let j = 3440 + -1996. What are the prime factors of j?
2, 19
Suppose 0 = 3*l + 3, -3*q - 2*l = -33 + 5. Suppose -q*m = -3*m - 1050. List the prime factors of m.
2, 3, 5
Suppose -4*q - 70 - 30 = 0. Let c = q - -15. What are the prime factors of 46/(-115) - 404/c?
2, 5
Let k(n) = 123*n**2 - 50*n - 281. List the prime factors of k(-5).
2, 761
Suppose 11 = s - 9. Suppose -3*t = b - 5 + 80, t = -2*b - s. Let z = t - -28. What are the prime factors of z?
2
Suppose 2*l + 0*l - v = 7, -3*l + 3*v + 9 = 0. List the prime factors of -6*(l - 118/6).
2, 47
Let f be 7/(-9) - 8/36. Let b(m) = m**2 - 3. Let p(q) = q**2 - 7. Let s(c) = 5*b(c) - 2*p(c). List the prime factors of s(f).
2
Suppose -s + p + 1111 = 3*s, 0 = -s - 4*p + 299. What are the prime factors of s?
3, 31
Let o(u) = 2*u**2 + u - 16. Let r be o(7). Let m = -12 + r. What are the prime factors of m?
7, 11
Suppose -y = 5*z - 12, -2*y = 3*z - 4*y - 15. Let d be z/(-3)*1*-2. Suppose -4*v + 34 = -5*t - 47, -d*v + 3*t + 41 = 0. What are the prime factors of v?
19
Let w be (492/(-16))/((-4)/48). What are the prime factors of w/21 - 28/49?
17
Let v = 62 - 52. Suppose k = -v*k + 1188. What are the prime factors of k?
2, 3
Let l(a) = 2*a + 1. Let f be l(-1). Let z(s) = -s + 0 + 5*s**2 - 44*s**3 - 7*s**2 + 0. List the prime factors of z(f).
43
Let u be 65/(-10) - ((-14)/(-4) - 2). Let w(z) = -z - 7. Let p be w(-4). Let r = p - u. List the prime factors of r.
5
Let f(h) = 3*h - 3. Let z be f(9). Let v = 142 - z. Suppose -6*y + 7*y + 5*x - 56 = 0, -2*y - 4*x = -v. What are the prime factors of y?
61
List the prime factors of (32/(-48))/((-5)/(-24))*-380.
2, 19
Suppose -8*b - 4206 + 13366 = 0. What are the prime factors of b?
5, 229
Suppose -12*f + 1504 = -4*f. Suppose f = c + 104. List the prime factors of c.
2, 3, 7
Let k(h) = h**3 - 15*h**2 + 8*h - 32. List the prime factors of k(16).
2, 11
Suppose 33*o + 993 = 36*o. What are the prime factors of o?
331
What are the prime factors of ((-178)/6)/((-1)/(-27)*-3)?
3, 89
Let f(l) = -1 + l - 4*l**2 + 0 + 6*l**2 + l**2. Let d be f(1). Suppose 0*o = -d*o + 123. What are the prime factors of o?
41
Let t(a) = -1019*a - 1045. List the prime factors of t(-6).
37, 137
Suppose -4*z = -2*l - l - 14, -4*z + 16 = -2*l. List the prime factors of 25/1 + l - 3.
2, 3
Suppose -2*u = 2*g + 60, 0*g = 2*u + 5*g + 75. What are the prime factors of 344/6 - u/(-75)?
3, 19
Let i be (-185)/(-35) + (-2)/7. Suppose -2*t + 3*x + 35 + 1 = 0, t - i = -5*x. Let o = 35 - t. List the prime factors of o.
2, 5
Let h(m) = -m**3 + 25*m**2 - 22*m - 33. Let q be (-44)/33*18/(-1). List the prime factors of h(q).
3, 5
Suppose 3*q - 6 - 12 = 0. Suppose 0 = 5*j - q*j. Suppose 29 = -j*d + d. List the prime factors of d.
29
Suppose -2*d = -20 - 8. Suppose -13 - 8 = -3*v + 2*u, 0 = v + 5*u + 10. Suppose 0 = -v*h + 144 - d. What are the prime factors of h?
2, 13
Suppose -r = -4, -h - 121 + 480 = r. List the prime factors of h.
5, 71
Let q = 94 + 320. Let t = q + -255. List the prime factors of t.
3, 53
Let w be 5/(-1 + (-1 - -3)). Suppose w*h = h. Suppose -4*r + h*r + 84 = 0. List the prime factors of r.
3, 7
Suppose 2*x + 0*z - 101 = 5*z, -x + z = -49. Suppose -2*m - 79 = -25. Let d = m + x. List the prime factors of d.
3, 7
Let g(o) = 2*o**2 + 13*o - 9. Let f be g(-11). Let w = 7 + -3. Suppose h = -w*h + f. What are the prime factors of h?
2, 3
Let y = 11 - 15. Let s(c) = c**2 - 5*c - 13. Let a be s(7). What are the prime factors of a/y + (-1209)/(-52)?
23
Let f(g) = -20*g**2 + 82*g - 261. Let c(d) = -7*d**2 + 27*d - 87. Let i(o) = -17*c(o) + 6*f(o). What are the prime factors of i(25)?
113
Suppose 0 = o + i - 578, 2894 = -o + 6*o + 4*i. What are the prime factors of o?
2, 3, 97
Suppose 10 = 4*y - 2. What are the prime factors of 178/(y - 2/(-6)*-6)?
2, 89
Suppose 3*w + 5*g - 1217 = 7*w, 2*w = 4*g - 610. Let r = 533 + w. What are the prime factors of r?
2, 5, 23
Let x(a) = -17*a + 9. Let u be x(9). Let j be (-63)/6*u/14. Let r = -47 + j. List the prime factors of r.
61
Suppose -4225 = -2*m + 1617. What are the prime factors of m?
23, 127
Let w = 17 - 15. Let j be 0 + w - 3 - -15. Suppose -t = -j - 1